. Calculate the highest common factor of g and 1100.
20
Suppose 9*i - 33 - 12 = 0. Suppose 3*r - 91 - 19 = -5*f, i*r + 5*f - 170 = 0. Let u be (-1 - -4)*-1 + 245 + -2. Calculate the highest common factor of u and r.
30
Let x(f) = f**2 + 12*f - 25. Let s be x(-15). Suppose -22*d + 104 = -s*d. What is the greatest common factor of 143 and d?
13
Let m be 216/(-30)*60/(-18). Suppose 77 = m*c - 259. What is the highest common divisor of c and 21?
7
Let s be -226 - -262 - (-8)/2*-2. What is the greatest common factor of 484 and s?
4
Let t(y) = -3*y**2 + 14*y + 27. Let o(b) = b**2 - b. Let l(a) = 4*o(a) + t(a). Let m be l(-6). Calculate the highest common factor of m and 21.
3
Suppose 7*v - 7 - 21 = 0. Let u be ((-99)/v)/((-3)/56). Suppose 2*r + u = 3*r. What is the highest common divisor of 42 and r?
42
Let b be (1456/35)/8 - 6/5. Let j be (-3 - -1) + -3 + 0. Let r be j/(-10) - 103/(-2). Calculate the greatest common divisor of b and r.
4
Let m = -3420 - -3608. What is the greatest common factor of m and 1927?
47
Let a = -72 + 132. Let q = 4291 - 4279. What is the greatest common factor of q and a?
12
Suppose 4*q + 0*q - 4*u - 316 = 0, 0 = -2*q - 2*u + 150. Let t = q - 69. Let w be 177 - t/4 - -1. Calculate the highest common factor of w and 22.
22
Let y be ((-3)/(-2))/(3/36). Let s be (-280)/(-24)*(-216)/(-80)*2. What is the highest common divisor of y and s?
9
Let v(z) = z**2 + 4*z - 11. Let i be v(5). Suppose -3*t - 5*h + 23 = 0, -4*h = -0*t + 5*t - i. What is the highest common factor of 162 and t?
6
Suppose -4*q + 5*q = -7. Suppose 5*a = n, 0 = 2*n + 4*a - 29 - 41. Let r = n + q. What is the highest common factor of 6 and r?
6
Suppose -102*w + 231582 = -82272. Calculate the highest common factor of 34 and w.
17
Suppose -3*w = -w - 3*x - 67, -85 = -2*w - 3*x. Let h = w - 31. Suppose -3*d + h = -k, 31 = 2*k - d + 4*d. Calculate the greatest common factor of 184 and k.
8
Let o be (-8)/(-3)*(-450)/(-120). Let s be 44/12 - 2/(-6). Suppose 11 = s*m - 9. Calculate the highest common factor of o and m.
5
Let s be (-23)/(5 + 156/(-32)). Let f = 202 + s. Calculate the greatest common factor of f and 252.
18
Let s(a) = a + 7 - 10*a**3 + 45*a**2 + 9*a**3 - 40*a**2. Let f be s(-2). What is the greatest common divisor of f and 990?
33
Let j be 3 - (0/(3/1) + -3). Let k = 12 + -13. Let c(q) = 42*q**2 - q - 1. Let t be c(k). Calculate the highest common factor of t and j.
6
Suppose -3*o = 2*s + 3, 1 = -o - 2. Suppose -11 = s*u - 56. Let f be 1*(5*-2)/(-2). Calculate the greatest common factor of f and u.
5
Let u = -2176 - -2320. Calculate the greatest common factor of 414 and u.
18
Let f(w) be the first derivative of -w**3/3 + 4*w**2 + 10*w - 64. Let y be f(6). What is the greatest common factor of y and 55?
11
Let n(z) be the second derivative of -z**5/5 - z**4/6 + 17*z**3/6 + 17*z**2/2 + z - 85. Let u be n(-1). What is the highest common factor of 58 and u?
2
Let g be (2/9 - (-183995)/(-441))*-1. What is the greatest common divisor of g and 33?
3
Suppose 3*w = d + 259, 0 = w + 4*d - 34 - 48. Let l = w + -40. Let a be (23/(-2))/(4/(-48)*6). What is the highest common factor of l and a?
23
Let l(w) = -w**2 - 75*w - 562. Let q be l(-18). What is the greatest common factor of q and 870?
58
Let b(f) = -12*f**2 - f - 20 + 6*f**2 + 2*f + 9*f**2. Let j be b(-5). What is the highest common divisor of j and 80?
10
Let v(z) be the first derivative of 7*z**3 + 2*z + 60. Let q be v(-1). What is the greatest common divisor of 1 and q?
1
Let q = 0 - 4. Let r = q + 8. Let s(j) = 9*j - 292. Let a be s(34). What is the greatest common divisor of a and r?
2
Suppose 5*b + 114*c - 26460 = 115*c, 2*c + 10 = 0. What is the highest common divisor of b and 143?
143
Let h be 4/(32/72) - (-85 + -3). Calculate the highest common divisor of h and 7760.
97
Suppose b + 3*t - 23 = 0, 0 = -3*t - 12 - 3. Let k(h) = -11*h + 14. Let x be k(-3). Let p = x - b. Calculate the greatest common divisor of p and 9.
9
Suppose -o + 25 = 2*x + 4, 4*o - 12 = 0. Calculate the greatest common factor of x and 72.
9
Let f = -32 + 48. Let y be 5870/70 - ((-60)/(-21) + -3). Suppose -13*o + y = 32. What is the greatest common factor of o and f?
4
Suppose 0 = -5*l + 25, r + 169 = -4*l + 205. What is the greatest common factor of 3160 and r?
8
Let v be 26/(-6) + (-2)/3. Let f(y) = -4*y + 4 + 5*y + 8 + 5. Let m be f(v). Calculate the greatest common factor of 132 and m.
12
Let h be -2 + (-8 + -1 - -13). Calculate the highest common divisor of 698 and h.
2
Let q(v) = v**3 + 30*v**2 - 66*v - 47. Let z be 6 - (3 + -6)/(-6)*76. Let n be q(z). Calculate the highest common divisor of 391 and n.
17
Let o(v) = -8*v**3 - 31*v**2 + 5*v + 8. Let d be o(-4). Suppose m = -0*m + 4, 2*m = -d*y + 360. Calculate the highest common factor of y and 121.
11
Let z(u) = u**3 - 35*u**2 + 72*u - 133. Let w be z(33). Let d(y) = 4*y**2 + 2*y + 1. Let v be d(-2). What is the greatest common factor of w and v?
13
Let u(w) = -2*w - 7. Let j be u(-5). Suppose -j*s - 10 = -s. Let r be 0 - -1 - (5 + s). Calculate the greatest common divisor of 2 and r.
1
Suppose -225 = -3*f - 4*d + 298, 0 = 5*f - 4*d - 797. Calculate the greatest common factor of f and 1584.
33
Let g = -347 + 350. Suppose -4*a = 2*l - 230, -g*l = 2*a + 22 - 147. What is the highest common factor of a and 121?
11
Let c = 899 + -608. Let u = -248 + c. What is the highest common factor of u and 215?
43
Let s(v) = v**3 + 8*v**2 - 2*v + 4. Let o be s(-6). Let u = -31 + o. Suppose 15 + u = 3*a. What is the greatest common factor of 8 and a?
8
Let k be 8/12*-3*(-376)/4. What is the highest common factor of k and 7896?
188
Let k = 492 - -339. Suppose -335 - k = 11*p. Let t = p + 109. Calculate the highest common factor of t and 27.
3
Let l = 61 - 61. Suppose 3*b - 15 = l, -40 = -5*j - 7*b + 8*b. Suppose -7 = -3*w + 4*g + 6, -2*g = -w + 5. What is the greatest common factor of w and j?
3
Let r = -417 + 415. Let u be ((-422)/(-6) - 1) + r/(-3). What is the highest common divisor of 105 and u?
35
Let u = 870 - 311. Let l = 30871 - 30828. Calculate the highest common divisor of u and l.
43
Suppose -4*f + 372 + 8 = 3*v, 2*v = 8. What is the highest common factor of 14306 and f?
46
Let p be 0 + 3 - (-23 - 0). Let d = -23 + p. Suppose 0*f + d*m - 264 = -4*f, 142 = 2*f + 4*m. What is the greatest common divisor of f and 27?
9
Let p = -59 + 61. Let h(y) = y + 14. Let k be h(-16). Let o = 0 - k. What is the greatest common factor of p and o?
2
Suppose 3*a = -2*a + 60. Suppose -9*t = -5*t - 24. Let m = 54 - t. What is the greatest common divisor of a and m?
12
Let s(w) = -204 + 17*w - w**2 - 3*w + 201. Let d be s(11). Let v be 4928/33 - (-2)/3. What is the greatest common divisor of d and v?
30
Let l(f) = 6*f**2 - 38*f + 668. Let i be l(43). What is the greatest common factor of 16 and i?
16
Let o be 2/3 - (2891/(-735) + 16/10). Suppose 80 + 802 = 3*z. Calculate the highest common divisor of z and o.
3
Let o be ((-58)/3)/(3/9). Let r = -22 + o. Let d = r + 116. What is the greatest common divisor of d and 24?
12
Let q(d) = -17*d**2 + 65*d - 392. Let w(u) = -5*u**2 + 22*u - 130. Let r(t) = -2*q(t) + 7*w(t). Let g be r(8). Calculate the greatest common divisor of 8 and g.
2
Suppose 814 = 4098*i - 4087*i. What is the greatest common divisor of i and 8?
2
Let d be 5 - (-74)/(-14) - (-564)/14. Let p(s) = -3*s**3 - 13*s**2 + 11*s - 14. Let c be p(-6). Calculate the highest common factor of c and d.
20
Suppose 0 = -5*j - f + 2012, -j + 0*f = -3*f - 396. Calculate the greatest common factor of j and 1072.
134
Let z be 2900/15*(-130)/39*54/(-75). What is the highest common factor of 812 and z?
116
Let d = 39 + -37. Let b be d/(-5)*(-60)/(-6) - -3. Let j be (-6 + b)/((-2)/14). What is the greatest common divisor of 7 and j?
7
Let b(x) = 129*x - 41. Let h be b(1). What is the greatest common divisor of 836 and h?
44
Let h be (-9 - 30951/36) + 2/(-8). Let l = -773 - h. What is the greatest common factor of 6 and l?
6
Let w be (-2)/2 - -2*5. Suppose 2*d + 3502 - 1311 = 5*q, 4*q + 3*d = 1785. What is the highest common divisor of q and w?
9
Suppose 4*r + 7 = -4*g + 15, -r = 0. Suppose 115 = 3*y - 5*j, g*y + 0*y = -3*j + 45. Calculate the greatest common factor of 12 and y.
6
Suppose 4*g + 5 - 209 = -3*b, -